 (1244/8 - -3). Calculate the highest common divisor of 106 and b.
53
Let w be (15/(-25))/(1/(-15)). Let z be (180/8)/9*54/15. Calculate the greatest common factor of z and w.
9
Let i = 394 + -375. Calculate the greatest common divisor of i and 152.
19
Let o(q) = 8*q + 55. Let h be o(-6). Calculate the highest common factor of 35 and h.
7
Let i be 75/21 + 15/35. Suppose 0 = 5*b + r - 222, 2*r = -b - r + 50. Calculate the greatest common divisor of b and i.
4
Suppose 2*s = -3*g + 84, -8*s = g - 3*s - 41. Suppose 0 = 4*c - g - 54. What is the highest common factor of 180 and c?
20
Suppose 0 = -4*x + 52 + 500. Let u = 165 - x. What is the greatest common divisor of 9 and u?
9
Suppose 74*t - 1900 = 64*t. What is the greatest common divisor of 532 and t?
38
Let p(l) = -l**3 + 9*l**2 - 10*l + 11. Let i be p(7). Let n = -32 + i. Let f = 44 - 9. Calculate the highest common divisor of f and n.
7
Suppose 5*r - 141*c = -144*c + 5, -2*r + 3*c + 2 = 0. What is the highest common divisor of 8 and r?
1
Suppose 5*g + 6*c = 2*c - 82, c + 17 = -g. Let w = g + 46. What is the highest common factor of 48 and w?
16
Suppose 3*x - 2 = 4*x. Let k(s) = s**3 + 34*s**2 + 36*s + 100. Let m be k(-33). Let d be x/m - -2 - -24. What is the highest common factor of d and 216?
24
Let f(x) = -6*x - 48. Let s be f(-23). Let k = -26 + 36. Calculate the highest common factor of k and s.
10
Suppose z = 2*z - 1, a - 2*z = -70. Let r = a + 71. What is the greatest common factor of 21 and r?
3
Suppose 7*s = 4*s + 21. Let b be 36 + (2/2 - (s - 4)). What is the greatest common factor of b and 85?
17
Let i(d) = 6*d + 288. Let o be i(0). What is the highest common factor of 128 and o?
32
Suppose -5*o - 8*d + 13*d = -115, o - 8 = -2*d. Calculate the greatest common divisor of o and 342.
18
Suppose t + 0*h = 2*h + 10, 0 = -5*t + 5*h + 60. Suppose 0 = -3*g + 128 - t. What is the greatest common factor of 38 and g?
38
Let p be (-5)/((-15)/(-78))*(-1581)/34. What is the greatest common divisor of 93 and p?
93
Let b be (-848)/(-12) + 4/(-6). Let o be -1*(-2*8 - -1). Suppose w = -p + o, 3*p + p = 20. What is the greatest common divisor of w and b?
10
Let j = 13 - 3. Let o be (-136)/j + 4/(-10). Let g be (o/8)/(10/(-40)). What is the greatest common divisor of g and 21?
7
Suppose 6*s = -5*s + 341. Let l(t) = -4*t - 13. Let v be l(-11). Calculate the greatest common factor of v and s.
31
Let f(d) = d**2 + 61*d + 123. Let k be f(-59). Calculate the highest common divisor of 85 and k.
5
Let t be ((-6)/(-4))/(-3)*0. Let f be 1 + t + (2 - 0). Suppose f*u - 195 = 102. Calculate the greatest common divisor of 9 and u.
9
Let g(h) = 13*h + 13. Let w be g(3). Suppose 5*z - 23 = -3*s, -3*s = s - 4*z - w. What is the greatest common divisor of 154 and s?
11
Suppose 5*m + 11 - 6 = 0. Let t(o) = -15*o. Let s be t(m). What is the greatest common factor of s and 6?
3
Let o(d) = 24*d - 34. Let r be o(2). Calculate the greatest common divisor of r and 4.
2
Let u be -7 - (4 - (-9 - -317)). Calculate the highest common factor of u and 81.
27
Let t(b) = -b**3 - b**2 - b - 1. Let x(n) = -2*n**3 - 8*n**2 - n - 3. Let k(l) = -3*t(l) + x(l). Let g be k(5). What is the greatest common factor of 10 and g?
10
Let s(g) = -18*g + 300. Let h be s(15). Calculate the greatest common divisor of h and 1095.
15
Let s = 173 - 74. Suppose 3*y = 3, -2*y = -4*u + u + 4. Suppose -2*q + 25 + 1 = 4*d, 0 = u*d - 4. Calculate the greatest common divisor of q and s.
9
Suppose -5*o + 4*d = d - 300, 0 = o + 3*d - 78. What is the highest common divisor of 14 and o?
7
Let z be 3/6*-1*-8. Let s(x) = x**2 + 6*x - 3. Let c be s(-7). Calculate the highest common factor of c and z.
4
Let i(y) = 39*y**2 - 13*y - 4. Let x be i(2). Calculate the highest common divisor of 36 and x.
18
Let d(r) = -r**3 - 17*r**2 - 21*r - 24. Let k be d(-16). What is the greatest common factor of 35 and k?
7
Suppose -20 = -j + 5*h, 2*h + 59 + 64 = 5*j. Let l be (-6)/2 + j - -2. What is the greatest common factor of l and 24?
24
Let o(x) = -522*x + 2. Let m be o(6). Let f = -1636 - m. Suppose 0 = -w - 0 + 3, -5*p - 3*w + f = 0. What is the greatest common divisor of 27 and p?
27
Let w be 2*1*((-35)/10 - -5). Let j be 25*-1*(w - 16/4). Calculate the greatest common divisor of 200 and j.
25
Let w = -387 + 414. What is the greatest common factor of w and 144?
9
Suppose -5*v - 79 - 266 = 0. Let q = 90 + v. What is the greatest common divisor of q and 14?
7
Let o = -52 - -85. Suppose 0 = -h + 2*c - 5 + 30, 4*h - 5*c = 112. What is the highest common divisor of h and o?
33
Let c(f) = 3*f**2 + 15*f + 44. Let p be c(-8). What is the greatest common divisor of p and 87?
29
Suppose -x = 5*y - 29, -20 = 3*x + 5*y - 97. Let z be ((-3)/(-6))/(2/(-4)). Let p = z - -7. What is the greatest common factor of p and x?
6
Suppose 169 = 5*g + 4*v, -4*g + 124 = -3*v - 5. Let h = -203 + 206. What is the highest common factor of h and g?
3
Let j = 10 + -4. Suppose j + 12 = 2*v. Suppose -3*h - 5*i + 211 = 0, 5*i - i = -h + 68. Calculate the highest common factor of v and h.
9
Let i = -209 - -217. Calculate the highest common divisor of 344 and i.
8
Suppose -6*l = -2*l + 68. Let h be 3 + (-1 + 4 - l). Calculate the highest common factor of h and 23.
23
Let y(o) = -o**3 + 5*o**2 + 5*o + 2. Let w be y(5). What is the highest common divisor of w and 729?
27
Let w(a) = -2*a + 13. Let x(v) = -v + 2. Let j(d) = -3*w(d) + 3*x(d). Let q be j(18). What is the highest common factor of 3 and q?
3
Let s(a) = 28*a + 1204. Let i be s(-42). Let z be 21/2*(-10)/(-3). Calculate the greatest common divisor of z and i.
7
Let z(d) = -4 + 4*d + 0*d - 3*d. Let r be z(4). Suppose r = j - 37 + 7. Calculate the greatest common divisor of j and 10.
10
Let n be 282/(-54) - 2/(-9). Let h be 30/(-4) - 3/6. Let i = n - h. Calculate the highest common factor of i and 6.
3
Suppose -5*g = v - 431, -263 = -3*g + 4*v + 14. Calculate the highest common factor of g and 58.
29
Let u(l) = -2 - 2*l**2 + 15 + 13*l + 3. Let h be u(7). Suppose 135 = 5*a - 225. What is the greatest common factor of h and a?
9
Let h(r) = -r + 50 + r**2 - 2*r**2 - 30 - r**3. Let c be h(0). Calculate the greatest common factor of 50 and c.
10
Let f(a) = -a**2 + 3*a + 2. Let o be f(3). Let s be (3 - 7 - -3)*0. Let c be (-7 + (-102)/(-18))*(s - 3). Calculate the highest common divisor of c and o.
2
Let l = 381 - -131. Calculate the highest common factor of 2 and l.
2
Let a be ((-6)/(-4))/(2/4). Suppose 3*y = -2*k + 1, 5*y + 4 - 3 = -4*k. Calculate the greatest common divisor of a and y.
3
Suppose -d + y + 13 = -2*y, -d + 2*y + 10 = 0. Suppose 0 = -d*h + 19 + 65. Calculate the greatest common factor of h and 63.
21
Let b(k) = -k**3 - k**2 + 2*k + 3. Let z be b(-2). Let h be 11 + 4/4 + -3. Calculate the greatest common factor of h and z.
3
Suppose -2*l = -0*l + 3*l. Suppose l = 5*v - 1 - 19. Calculate the highest common divisor of v and 32.
4
Let x be 2 + -2 + -23 - 1. Let w = -10 - x. Let r = -11 + w. What is the greatest common divisor of r and 3?
3
Let d be (-3)/2*(-7 + 1). Let a(j) = -35 + 0*j + 4*j - 2*j + 2*j. Let b be a(9). What is the greatest common divisor of d and b?
1
Let i(d) = 16*d**2 + d - 2. Let y be (-216)/22 + (-10)/55. Let x = y - -11. Let u be i(x). Calculate the greatest common factor of u and 45.
15
Let z be 1*2/(-2)*-135. Suppose 12*i = 8*i + 12. Suppose -3*b - i*w + w = -49, b = -4*w + 23. What is the greatest common factor of z and b?
15
Let i = 85 + -55. Let a = i - 13. Suppose 27 = a*v - 14*v. Calculate the highest common divisor of 9 and v.
9
Suppose -100 = -2*v - 4*f, 211 = 4*v - 4*f + f. Calculate the greatest common divisor of v and 8.
4
Suppose -140 = -0*y + 5*y. Let z = -18 - y. Calculate the greatest common factor of z and 90.
10
Suppose -9*h + 57 + 123 = 0. What is the highest common factor of 28 and h?
4
Suppose -w - 4*w = 70. Let j = 17 + w. Let a(g) = 3*g**2 - 4*g + 4. Let l be a(j). Calculate the highest common factor of l and 152.
19
Suppose 5*q + b + 60 = 3*b, 0 = -q - 5*b + 15. Let i = 47 + q. What is the highest common divisor of 407 and i?
37
Let r be 6/(-8)*(-56)/14 - -13. Suppose r + 0 = x. What is the highest common divisor of x and 40?
8
Let h(l) = 2*l**3 + 22*l**2 + l + 20. Suppose -2*f = 5*k + 65, 3*f - 7 - 22